{"id":597,"date":"2025-09-12T17:12:57","date_gmt":"2025-09-12T15:12:57","guid":{"rendered":"http:\/\/domachoc.com\/?post_type=product&#038;p=597"},"modified":"2025-09-12T17:18:54","modified_gmt":"2025-09-12T15:18:54","slug":"magic-temper-3kg","status":"publish","type":"product","link":"https:\/\/domachoc.com\/index.php\/produit\/magic-temper-3kg\/","title":{"rendered":"Magic Temper\u00ae 3kg"},"content":{"rendered":"","protected":false},"excerpt":{"rendered":"<p>Temp\u00e9reuse par ensemencement <\/p>\n<p>Temp\u00e9re avec pr\u00e9cision gr\u00e2ce \u00e0 l\u2019ensemencement. R\u00e9sultats constants, brillance parfaite, d\u00e9moulage rapide. Id\u00e9al artisans et R&#038;D.<\/p>\n","protected":false},"featured_media":606,"template":"","meta":[],"product_brand":[],"product_cat":[36,62,55],"product_tag":[],"class_list":{"0":"post-597","1":"product","2":"type-product","3":"status-publish","4":"has-post-thumbnail","6":"product_cat-reglage-technique","7":"product_cat-statice","8":"product_cat-tous-ateliers","10":"first","11":"instock","12":"virtual","13":"product-type-simple"},"_links":{"self":[{"href":"https:\/\/domachoc.com\/index.php\/wp-json\/wp\/v2\/product\/597","targetHints":{"allow":["GET"]}}],"collection":[{"href":"https:\/\/domachoc.com\/index.php\/wp-json\/wp\/v2\/product"}],"about":[{"href":"https:\/\/domachoc.com\/index.php\/wp-json\/wp\/v2\/types\/product"}],"wp:featuredmedia":[{"embeddable":true,"href":"https:\/\/domachoc.com\/index.php\/wp-json\/wp\/v2\/media\/606"}],"wp:attachment":[{"href":"https:\/\/domachoc.com\/index.php\/wp-json\/wp\/v2\/media?parent=597"}],"wp:term":[{"taxonomy":"product_brand","embeddable":true,"href":"https:\/\/domachoc.com\/index.php\/wp-json\/wp\/v2\/product_brand?post=597"},{"taxonomy":"product_cat","embeddable":true,"href":"https:\/\/domachoc.com\/index.php\/wp-json\/wp\/v2\/product_cat?post=597"},{"taxonomy":"product_tag","embeddable":true,"href":"https:\/\/domachoc.com\/index.php\/wp-json\/wp\/v2\/product_tag?post=597"}],"curies":[{"name":"wp","href":"https:\/\/api.w.org\/{rel}","templated":true}]}}