{"id":532,"date":"2025-09-12T16:01:10","date_gmt":"2025-09-12T14:01:10","guid":{"rendered":"http:\/\/domachoc.com\/?post_type=product&#038;p=532"},"modified":"2025-09-12T16:41:41","modified_gmt":"2025-09-12T14:41:41","slug":"one-shot-evolution-neraone","status":"publish","type":"product","link":"https:\/\/domachoc.com\/index.php\/produit\/one-shot-evolution-neraone\/","title":{"rendered":"One Shot Evolution |\u00a0NeraOne"},"content":{"rendered":"","protected":false},"excerpt":{"rendered":"<p><span data-sheets-root=\"1\">La OneShot Evolution est une doseuse multifonctions pr\u00e9cise et rapide, id\u00e9ale pour le cadrage de ganaches et pralin\u00e9s. Sa vis sans fin pr\u00e9serve la texture des pr\u00e9parations. Facile \u00e0 utiliser, connect\u00e9e via iPad et dot\u00e9e d\u2019un auto-nettoyage, elle optimise votre production en s\u2019adaptant \u00e0 vos moules et tunnels.<\/span><\/p>\n","protected":false},"featured_media":533,"template":"","meta":[],"product_brand":[],"product_cat":[30,54,60,35],"product_tag":[69,71,70],"class_list":{"0":"post-532","1":"product","2":"type-product","3":"status-publish","4":"has-post-thumbnail","6":"product_cat-chocolat","7":"product_cat-haute-capacite","8":"product_cat-nera","9":"product_cat-oneshot","10":"product_tag-chocolat","11":"product_tag-enrobeuse","12":"product_tag-lcm","14":"first","15":"instock","16":"virtual","17":"product-type-simple"},"_links":{"self":[{"href":"https:\/\/domachoc.com\/index.php\/wp-json\/wp\/v2\/product\/532","targetHints":{"allow":["GET"]}}],"collection":[{"href":"https:\/\/domachoc.com\/index.php\/wp-json\/wp\/v2\/product"}],"about":[{"href":"https:\/\/domachoc.com\/index.php\/wp-json\/wp\/v2\/types\/product"}],"wp:featuredmedia":[{"embeddable":true,"href":"https:\/\/domachoc.com\/index.php\/wp-json\/wp\/v2\/media\/533"}],"wp:attachment":[{"href":"https:\/\/domachoc.com\/index.php\/wp-json\/wp\/v2\/media?parent=532"}],"wp:term":[{"taxonomy":"product_brand","embeddable":true,"href":"https:\/\/domachoc.com\/index.php\/wp-json\/wp\/v2\/product_brand?post=532"},{"taxonomy":"product_cat","embeddable":true,"href":"https:\/\/domachoc.com\/index.php\/wp-json\/wp\/v2\/product_cat?post=532"},{"taxonomy":"product_tag","embeddable":true,"href":"https:\/\/domachoc.com\/index.php\/wp-json\/wp\/v2\/product_tag?post=532"}],"curies":[{"name":"wp","href":"https:\/\/api.w.org\/{rel}","templated":true}]}}